{"id":283,"date":"2020-10-30T18:48:16","date_gmt":"2020-10-30T18:48:16","guid":{"rendered":"https:\/\/livwell.mx\/resinas\/?page_id=283"},"modified":"2020-11-04T23:38:06","modified_gmt":"2020-11-04T23:38:06","slug":"floorcoat-medium-grey","status":"publish","type":"page","link":"https:\/\/livwell.mx\/resinas\/nuevos-productos\/floorcoat-medium-grey\/","title":{"rendered":"FLOORCOAT (MEDIUM GREY)"},"content":{"rendered":"\n<div class=\"wp-block-columns\">\n<div class=\"wp-block-column\">\n<p><strong>Floorcoat Medium Grey<\/strong>&nbsp;es una de las l\u00edneas de revestimientos para pisos de concreto m\u00e1s completas del mercado.&nbsp;Con los&nbsp;laboratorios&nbsp;EcoPoxy&nbsp;y nuestra amplia misi\u00f3n de investigaci\u00f3n y desarrollo para&nbsp;marcar&nbsp;las tendencias de la industria, puede estar seguro de que nuestras capacidades de fabricaci\u00f3n ofrecen solo los sistemas de recubrimientos de ingenier\u00eda de calidad de acabado disponibles para un rendimiento \u00f3ptimo sin importar su industria.<\/p>\n\n\n\n<p>Los recubrimientos EcoPoxy\u00a0son realmente un valor superior, basado en las necesidades \u00fanicas de su instalaci\u00f3n.\u00a0<\/p>\n<\/div>\n\n\n\n<div class=\"wp-block-column\">\n<p>Ya sea que tenga una instalaci\u00f3n que experimente un tr\u00e1fico pesado de peatones o carros con ruedas de acero, tenemos el revestimiento de piso perfecto resistente a la abrasi\u00f3n.\u00a0Alternativamente, puede tener una instalaci\u00f3n de procesamiento de alimentos que requiera un acabado impermeable que deba resistir \u00e1cidos y corrosivos de limpieza industrial.\u00a0Nuestra extensa l\u00ednea de revestimientos para pisos de alto rendimiento puede manejar una amplia variedad de entornos dentro de cualquier instalaci\u00f3n.<\/p>\n<\/div>\n<\/div>\n\n\n\n<figure class=\"wp-block-image size-large is-resized\"><img loading=\"lazy\" src=\"https:\/\/livwell.mx\/resinas\/wp-content\/uploads\/2020\/10\/floorcoat-2-1024x768.jpg\" alt=\"\" class=\"wp-image-310\" width=\"1024\" height=\"NaN\" srcset=\"https:\/\/livwell.mx\/resinas\/wp-content\/uploads\/2020\/10\/floorcoat-2-1024x768.jpg 1024w, https:\/\/livwell.mx\/resinas\/wp-content\/uploads\/2020\/10\/floorcoat-2-300x225.jpg 300w, https:\/\/livwell.mx\/resinas\/wp-content\/uploads\/2020\/10\/floorcoat-2-768x576.jpg 768w, https:\/\/livwell.mx\/resinas\/wp-content\/uploads\/2020\/10\/floorcoat-2.jpg 1280w\" sizes=\"(max-width: 1024px) 100vw, 1024px\" \/><\/figure>\n\n\n\n<div style=\"height:50px\" aria-hidden=\"true\" class=\"wp-block-spacer\"><\/div>\n\n\n\n<p>El beneficio y opciones de los revestimientos para pisos de alto rendimiento EcoPoxy\u00a0incluyen:<\/p>\n\n\n\n<div class=\"wp-block-columns\">\n<div class=\"wp-block-column\">\n<ul><li>Acabados altamente resistentes a las manchas y a los productos qu\u00edmicos.<\/li><li>Resistencia a \u00e1cidos y \u00e1lcalis.<\/li><li>Resistente al calor y a los choques t\u00e9rmicos.<\/li><li>Acabado color gris con alto brillo.<\/li><li>Acabados decorativos antideslizantes.<\/li><li>Rejuvenecedores 100% impermeabilizantes.<\/li><li>Perfecto para tr\u00e1fico pesado y frecuente de peatones y carritos.<\/li><li>Superficies antideslizantes.<\/li><li>Sin compuestos org\u00e1nicos t\u00f3xicos ni metales pesados.<\/li><\/ul>\n<\/div>\n\n\n\n<div class=\"wp-block-column\">\n<ul><li>100% s\u00f3lidos, bajo VOC, poco olor.<\/li><li>Acabados muy reflectantes, brillantes o satinados.<\/li><li>Recubrimientos de alto rendimiento con una resistencia a la abrasi\u00f3n incomparable.<\/li><li>Se puede caminar en 48 horas despu\u00e9s de aplicarse.<\/li><li>Presentaci\u00f3n de 12L Medium Grey FloorCoat Kit.<\/li><li>Rendimiento de 27.87 metros cuadrados.<\/li><\/ul>\n\n\n\n<p><\/p>\n<\/div>\n<\/div>\n\n\n\n<p>Estas y otras razones son las razones&nbsp;por las que los gerentes de instalaciones y los arquitectos solicitan con tanta frecuencia los&nbsp;recubrimientos EcoPoxy&nbsp;como la soluci\u00f3n de recubrimiento preferida.<\/p>\n","protected":false},"excerpt":{"rendered":"<p>Floorcoat Medium Grey&nbsp;es una de las l\u00edneas de revestimientos para pisos de concreto m\u00e1s completas del mercado.&nbsp;Con los&nbsp;laboratorios&nbsp;EcoPoxy&nbsp;y nuestra amplia misi\u00f3n de investigaci\u00f3n y desarrollo para&nbsp;marcar&nbsp;las tendencias de la industria, puede estar seguro de que nuestras capacidades de fabricaci\u00f3n ofrecen solo los sistemas de recubrimientos de ingenier\u00eda de calidad de acabado disponibles para un rendimiento [&hellip;]<\/p>\n","protected":false},"author":1,"featured_media":281,"parent":11,"menu_order":0,"comment_status":"closed","ping_status":"closed","template":"","meta":{"spay_email":""},"_links":{"self":[{"href":"https:\/\/livwell.mx\/resinas\/wp-json\/wp\/v2\/pages\/283"}],"collection":[{"href":"https:\/\/livwell.mx\/resinas\/wp-json\/wp\/v2\/pages"}],"about":[{"href":"https:\/\/livwell.mx\/resinas\/wp-json\/wp\/v2\/types\/page"}],"author":[{"embeddable":true,"href":"https:\/\/livwell.mx\/resinas\/wp-json\/wp\/v2\/users\/1"}],"replies":[{"embeddable":true,"href":"https:\/\/livwell.mx\/resinas\/wp-json\/wp\/v2\/comments?post=283"}],"version-history":[{"count":6,"href":"https:\/\/livwell.mx\/resinas\/wp-json\/wp\/v2\/pages\/283\/revisions"}],"predecessor-version":[{"id":325,"href":"https:\/\/livwell.mx\/resinas\/wp-json\/wp\/v2\/pages\/283\/revisions\/325"}],"up":[{"embeddable":true,"href":"https:\/\/livwell.mx\/resinas\/wp-json\/wp\/v2\/pages\/11"}],"wp:featuredmedia":[{"embeddable":true,"href":"https:\/\/livwell.mx\/resinas\/wp-json\/wp\/v2\/media\/281"}],"wp:attachment":[{"href":"https:\/\/livwell.mx\/resinas\/wp-json\/wp\/v2\/media?parent=283"}],"curies":[{"name":"wp","href":"https:\/\/api.w.org\/{rel}","templated":true}]}}